2 + 7*v - 8. What is the tens digit of a(y)?
4
Suppose 2055 = -10*s + 13*s. What is the units digit of s?
5
Let x be 10*(148/(-80) - -2)*4. What is the tens digit of x/(-18) + 103/3?
3
Let o be 1*65 + (-20)/4. Let j(k) = -k**2 - 8*k - 8. Let u be j(-6). Suppose 0 = -u*w - w + o. What is the units digit of w?
2
Suppose 8*n + 14 = -10. What is the units digit of n/(-12) + (-175)/(-4)?
4
Suppose 2*n - 22 = n. Suppose 0 = s + x - 1, 3*s = s + 3*x + n. Suppose s*v - 26 = -3*z, 0 = -5*z - v + 2*v + 6. What is the units digit of z?
2
Let m(u) = 17*u + 6. Let g = -15 - -13. Let x be m(g). Let p = 56 + x. What is the units digit of p?
8
Let v(a) = 8*a**3 + a**2 - 4*a + 16. Let f = -1 + 4. What is the units digit of v(f)?
9
What is the units digit of (6440/6)/5*6/4?
2
Let u = 1307 + -673. What is the units digit of u?
4
Let y(o) = 88*o - 226. What is the thousands digit of y(22)?
1
Let p(w) = w**2 + w - 35. Let c = -13 + 25. What is the hundreds digit of p(c)?
1
Suppose 8151 + 2869 = 29*h. What is the units digit of h?
0
Suppose 26*t = 25058 + 20364. What is the thousands digit of t?
1
Suppose 7*u - 10*u = -6. Suppose -g = -u*x - 123, -g + x = -3*g + 256. What is the tens digit of g?
2
Let a = -12 - 1. Let r = 9 + a. What is the tens digit of r/10 + 642/30?
2
Suppose 5*p - 6305 - 196 = m, -4*p = -m - 5200. What is the hundreds digit of p?
3
Suppose 4*l - 426 = -4*n + 5*l, -2*n = -3*l - 218. What is the units digit of n?
6
Let d = -10 - -10. Suppose 0*v = -v + r + 6, d = 3*v + r - 10. Suppose -t + 24 = v. What is the tens digit of t?
2
Let v = 347 + -6. What is the tens digit of v?
4
What is the tens digit of ((-9567)/(-18))/(6/12)?
6
Let n be ((-300)/9)/((-12)/18). Suppose 0 = -3*z + 61 + n. What is the units digit of z?
7
Let m = 67 - 55. What is the tens digit of (-313)/(-8) - -1 - m/96?
4
What is the hundreds digit of 103*(-5 + (-6 - -14))?
3
What is the hundreds digit of (-87000)/(-840) + 4/(-7)?
1
Let c = -113 + 159. Let q = 25 + c. What is the units digit of q?
1
Let v be -19 - (0 + 0/(-1)). Suppose -5 = 3*g + 1. Let x = g - v. What is the tens digit of x?
1
Let f(c) = -14*c - 5. Let a be f(-1). Suppose -6*y = -a*y + 42. What is the tens digit of y?
1
Let x(w) = -w**3 + 11*w**2 + w - 10. Let i be x(11). Suppose -2*u = -z + 7 + i, -2*z = -u - 7. Suppose -z + 12 = 5*l. What is the units digit of l?
2
Let f(o) = -o**3 - 7*o**2 + 8*o + 6. Let b be f(-7). Let w be 18/81 - b/18. Suppose -46 = -w*p - 5*l, -5*p + 53 = -2*p - 2*l. What is the units digit of p?
7
Let n(z) = -69*z + 485. Let h be n(7). Let q = -7 - -10. Suppose 2*x + 201 = 5*x + q*r, -h*r = -5*x + 300. What is the units digit of x?
2
Suppose -105 = 27*m - 32*m. What is the tens digit of m/21*(-1 - -97)?
9
What is the units digit of ((-19020)/(-75))/(3/15)?
8
Let z be 4 + (-9)/3 - -2. Suppose 118 = z*s + q, 122 = 3*s + 2*q - 0. What is the tens digit of s?
3
Suppose -2*c = 6*y - y - 2893, 2*c = -3*y + 2887. What is the thousands digit of c?
1
Suppose 294 = z + 288. Let w = -31 + 83. Let l = w + z. What is the units digit of l?
8
Suppose 20 = -k + 6*k, -2*d - 2*k = -10. Suppose 10 = -x - d. Let s = x - -60. What is the tens digit of s?
4
Let a(n) = n**2 - 4*n - 1. Let j(b) = b. Let o(s) = a(s) + 6*j(s). Let x = -12 - -13. What is the units digit of o(x)?
2
Let d(o) = 15*o - 9. Suppose -5*x = 3*s, 6 = 4*x + s - 1. What is the tens digit of d(x)?
3
Suppose 12*p + 170 = 1946. What is the hundreds digit of p?
1
Let z(p) = 5*p**3 + 7*p**2 + 6*p + 18. Let i(x) = -x**3 + x**2 + x. Let o(a) = -6*i(a) - z(a). What is the units digit of o(14)?
0
Let u be 2/((-2)/(-5)) - 0. Suppose 0 = 5*l - 0*k - k - 48, 0 = -2*l + 3*k + 14. What is the units digit of (-2)/u + 244/l?
4
Let n be (-4 - -2)*(-3)/2. Suppose z = -2*o + 9, -4*o + n*o + 5*z = -21. Let k = 7 - o. What is the units digit of k?
1
Let n = 418 - 274. Let z = -58 + n. Suppose -w = w - z. What is the units digit of w?
3
Let g = 74 + -29. Let s = -19 + g. What is the tens digit of s?
2
Suppose 7*d - 8*d = 0. Suppose d = 2*j - 8*j + 642. Let q = -69 + j. What is the units digit of q?
8
Let k(s) = -s**3 + 4*s**2 - 6*s + 2. Let p be k(2). What is the units digit of (2 - 4) + (-2)/(p/237)?
5
Let w(p) = -58*p**3 - 3*p**2 + 3*p + 16. What is the hundreds digit of w(-2)?
4
Suppose -4*c - 4*a - 276 = 0, 5*c + a + 339 + 14 = 0. Let t = c + 162. What is the units digit of t?
1
Suppose p = -4*s + 993, s - 4*s = -3*p + 3054. What is the units digit of p?
3
Let x be (53/(-2))/((-2)/12). Let k = x - 86. What is the tens digit of k?
7
Suppose 2194 = -2*d + 4*d. What is the thousands digit of d?
1
Suppose -3*n + 41 = 29. What is the units digit of n?
4
What is the hundreds digit of 58*135/10 - 5?
7
Let b(v) = 4*v**2 + 6*v + 9. Suppose 4*n - 5 = 3*u + 2*u, 2*u - 31 = -5*n. Suppose -2*s = -p, 14 = -u*p + p - 3*s. What is the tens digit of b(p)?
4
Suppose 0 = -3*a + 4*a - 134. Let p be (a/2)/(9 + -8). Let g = p - 4. What is the units digit of g?
3
What is the hundreds digit of 1748/2 + -50 + 41?
8
Let i = 18 - 18. Suppose -8*v + 3*v + 240 = i. What is the units digit of v?
8
Let l(c) = 3*c**2 + 2*c - 2. Let a = -16 - -20. Suppose 0 = -p - 8 + a. What is the tens digit of l(p)?
3
Let p be 2*267*3/9. Suppose -5*j - 5*r = -0*j + 385, -4*r = -2*j - p. Let t = -54 - j. What is the units digit of t?
7
Suppose -5*s + 4*z = -35, 0 = -2*s - 0*s + 5*z - 3. Suppose -7*q = -s*q + 8. Suppose -3*x - 2*k = -x - 74, 0 = 3*x + q*k - 107. What is the tens digit of x?
3
Let z = 1150 + 497. What is the units digit of z?
7
Suppose -3*d - 2*a = -8010, -197 = 4*a - 209. What is the tens digit of d?
6
Suppose -k - 715 = -5*o, -4*o + 4*k - k + 561 = 0. Let f be (1/(-3))/(12/o). What is the tens digit of f/6 - 222/(-9)?
2
Suppose 0 = -4*q + 4*j + 24, -12 = 5*j + 3. Suppose 2*r = 2*h - 92, q*h - 130 = r - 6*r. Suppose 2 = a - h. What is the units digit of a?
7
Let q(v) be the second derivative of v**5/20 - 19*v**4/12 - 19*v**3/6 + 5*v**2/2 - 31*v. What is the tens digit of q(20)?
2
Let m(y) = -y + 1. Let w = 18 + -22. Let n be m(w). Suppose 0 = 4*v - u - 33, -3*v = -8*v + n*u + 30. What is the units digit of v?
9
Let d(h) = 0*h - h - 1 + 6 - h**2 + 5*h. Let l be d(5). Suppose -4*z + 7*z + 5*u - 47 = 0, l = 4*z + 4*u - 68. What is the units digit of z?
9
Let x(d) = 114*d**2 + 3*d + 5. Let l(y) = 171*y**2 + 5*y + 8. Let c(h) = -5*l(h) + 8*x(h). What is the tens digit of c(-1)?
5
Let w(g) be the first derivative of 4*g**2 - 15*g - 5. Let c be w(6). Let u = c + -29. What is the units digit of u?
4
Suppose -l + 0*l = -5*h + 25, 5*h = -5*l + 25. Let j = 408 - 305. Suppose h*i + j = 3*w, 0*i = 3*w - i - 83. What is the tens digit of w?
2
Let w(t) be the second derivative of 5*t**4/6 + t**3/2 - 3*t**2/2 + 12*t. What is the units digit of w(2)?
3
Let z = -1101 - -1466. What is the tens digit of z?
6
Let a be -1 - (2 - (3 - 0)). Suppose 2*m - 48 = -a*m. What is the units digit of m?
4
Suppose -5*q = 4*w + 172, 0 = -2*w + 3*w - 5*q + 18. Let f be 1*(3 - w) - 2. Let b = f + -14. What is the units digit of b?
5
Let l(w) = 4*w**3 + w**2 + 3*w - 1. Let d be l(2). Let x = d + -16. What is the tens digit of x?
2
Let w be (2/5)/((-70)/25 - -3). Suppose -55 = 4*b - 187. Suppose 0 = w*y - 35 - b. What is the tens digit of y?
3
Let o be 770/8 - (-9)/12. What is the units digit of (o - 16/8)*(-6)/(-10)?
7
Suppose 4*p - 4*n - 5 - 11 = 0, 3*p + 4*n = -2. Suppose 465 = p*s - 3*f, 7*s - 5*f - 463 = 5*s. What is the hundreds digit of s?
2
Let g = -226 - -506. What is the units digit of g?
0
Suppose 3*y + 20 = -46. Let w be 2 - 186*(4 + -8)/(-2). What is the units digit of w/y - 6/(-33)?
7
Suppose 48 = -0*f - 8*f. What is the tens digit of 66*(-1)/4*f?
9
Let x be (-10)/50 - ((-42)/10 - -1). Suppose -4*k - 6*h = -h - 424, 5*k + x*h = 543. What is the tens digit of k?
1
What is the tens digit of -2 + 886/10 + (-20)/(-50)?
8
Let g be 9/2 + (-4)/8. Let j(n) = 7*n**2 - g*n + 3 + n + n**3 + 9*n. What is the units digit of j(-5)?
3
Suppose 790 = z + 103. What is the units digit of z?
7
Let d be ((-36)/(-16))/(-3) + (-38)/(-8). Let v(l) = l**3 - 9*l**2 + l - 6. Let k be v(9). What is the units digit of 2*d/2 - k?
1
Let s(f) = -f**3 + f + 1. Let k be s(0). Suppose -3*c + 4*g + 101 = 0, -2*g = -g + 2. Suppose 4*u = c + k. What i